 - 59. Let p be s(-21). Calculate y(p).
-3
Let v(o) be the second derivative of 7*o**3/6 + o**2/2 + 6*o. Let j(k) = 2 + 8*k - 3 + 2. Let y(m) = -6*j(m) + 7*v(m). Determine y(-7).
-6
Let u(b) = -b**2 + 9*b + 8. Let x = 488 + -477. Determine u(x).
-14
Let c(r) = r**3 - 3*r**2 - 6*r + 3. Let z(h) = h**3 + 13*h**2 + 22*h + 4. Let g be z(-11). Give c(g).
-5
Suppose -5*l = 5*o + 15, 0 = 10*l - 7*l + o + 1. Suppose 3*z + 2 = 5*z. Let k(n) = z + 0*n**2 - 2 + 8*n**2 - 3*n**2. Determine k(l).
4
Let i(k) = k - 98*k**3 + 1 + 196*k**3 - 97*k**3. Give i(-2).
-9
Let o(k) = -2*k + 7. Let f be o(6). Let t(n) be the first derivative of -1/2*n**2 - 3 + 0*n. Give t(f).
5
Suppose 4*l - l + 5*j + 16 = 0, -3*j = 4*l + 3. Let y(u) = u**3 + 6*u**2 - 1. Let f(a) = a**3 + 6*a**2 + a - 1. Let k(q) = l*y(q) - 4*f(q). Determine k(-5).
-4
Let u(g) be the first derivative of g**3/3 - 9*g**2/2 + 7*g - 1. Let v(z) = -3*z**3 + 228*z**2 - 2*z + 159. Let q be v(76). What is u(q)?
-7
Let d(y) = -8*y - 1. Suppose 2*f = z - 3, -4*z + 8*f - 3*f + 9 = 0. Calculate d(z).
-9
Let m be 7*3/5 - (-2)/(-10). Let x be 3 + m + -3 + -10. Let l(f) be the first derivative of f**2/2 + 5*f + 1. What is l(x)?
-1
Suppose -4*j - 26 = -5*i + 12, -6 = -2*i - 3*j. Suppose 0 = -i*m + 2*m + 12. Suppose -3*n + b = 5*b + 31, -3*b + m = -3*n. Let p(a) = 4*a + 3. What is p(n)?
-17
Let f(n) = 2*n + 24. Let t(d) = 2*d**2 + 109*d + 144. Let h be t(-53). Determine f(h).
-6
Let u be (-1)/2 - 174/(-12). Suppose 10*f - u = 3*f. Suppose -f*b = 3 - 9. Let o(c) = -c**3 + 4*c**2 - c - 1. Give o(b).
5
Let a(h) be the first derivative of -5*h + 9 + 1/3*h**3 + 3/2*h**2. Suppose x + 9 = -2*t + 1, 3*t + 13 = -x. Determine a(t).
5
Let z(y) = 16*y + 4. Let u(s) = s - 1. Let b(f) = 3*u(f) + z(f). Give b(-1).
-18
Let l(q) be the second derivative of -q**4/12 + q**3/6 + 9*q**2/2 - 4*q - 10. Give l(0).
9
Let t(y) = -y**2 + 7*y - 2. Let w = -47 - -51. Suppose -5*g + 5*r + 55 = -0*g, 3*r = -w*g + 16. What is t(g)?
-2
Let g(z) = -5 + 2 + 2 + 3*z. Suppose -3506*f = -3511*f + 5. What is g(f)?
2
Suppose 0 = r + 3*i, -i + 0 + 1 = 0. Let g(n) = -n**2 - 13*n - 7. Let b be g(-12). Let z(v) = -2 + 146*v + b - 145*v. Determine z(r).
0
Let l(j) be the third derivative of j**5/30 - 5*j**3/6 - 2*j**2. Let d be l(-2). Let o(m) = -2*m**3 + 4*m**2 + 2. Determine o(d).
-16
Let p(n) = -3 - 25*n - 26*n + 75*n - 27*n. Calculate p(-3).
6
Let p(o) = 3*o - o - 81*o**2 - o - 17*o**3 + 82*o**2. Let h = -4 - -3. What is p(h)?
17
Let i(v) = -2 - 2*v - v + 1. Let n(b) be the first derivative of -3*b**2 - 2*b + 21. Let r(x) = 5*i(x) - 3*n(x). Calculate r(-2).
-5
Let n = 3 - -3. Let t(w) be the first derivative of w**2 - 8*w + 4. Give t(n).
4
Let u(s) = -s**3 - 5*s**2 - 6*s - 5. Let o(y) be the second derivative of -11*y - 2*y**2 - 1/2*y**4 + 0*y**3 + 0 + 1/20*y**5. Let l be o(6). What is u(l)?
3
Let t(f) = 1 - 4 - 6*f + 2*f**2 + 8 - 7. Determine t(3).
-2
Let j(n) be the third derivative of n**5/30 + n**4/8 + 5*n**2 - 20. Let b = 2 - 4. Give j(b).
2
Suppose -4*m + 8*m - 4 = 0. Suppose 4*d = -m - 3. Let i(w) = -125*w - 135*w - 128*w - 1 + 387*w. Determine i(d).
0
Suppose -4*q + 3*u = 7, -q + 5*u + 9 = 15. Let c(l) = -3*l. Give c(q).
3
Let b(p) be the first derivative of -p**4/4 - 5*p**3/3 - p**2 - p - 1. Suppose 20*f + 375 = -105*f. What is b(f)?
-13
Suppose 2*s + 1162 - 1150 = 0. Let q(p) = -p - 4. Calculate q(s).
2
Let j(t) = -t**2 + 59 - 115 + 57 - 19*t**2. Give j(-1).
-19
Let n(m) = -3*m**2 - m. Suppose -2*z = 3*a + 86, -25 = 2*a - 2*z + 39. Let g be (-348)/a - 4/(-10). Suppose -g = -4*x, -5*s + 3*x = 1 + 13. What is n(s)?
-2
Let d(y) = -y**2 - 11*y - 9. Let s(z) = -z**2 - 10*z - 8. Let w(t) = -3*d(t) + 4*s(t). Let u = -7 - -3. Determine w(u).
7
Let g(d) = -d**3 - d**2 + 4*d + 3. Let c be g(-3). Let p = c - 8. Let s be (p - 1) + 3/(-3). Let i(q) = -2*q + 1. Determine i(s).
3
Let d(o) = o**3. Let t(k) = -2*k**3 + 4*k**2 + 2*k - 2. Let m(n) = 3*d(n) + t(n). Calculate m(-3).
1
Let w(z) = -z + 5. Let q(u) = -u**3 - 7*u**2 - 5*u + 13. Let x be q(-6). Give w(x).
-2
Let c(f) be the second derivative of f**4/12 + 4*f**3/3 - 5*f**2/2 + f. Let m = 32 + -45. Let i be 8*(m/13)/(4/3). Calculate c(i).
-17
Let u = -13 - -11. Let y = 1 + 1. Let n(h) = -2 + 10*h**2 - h**3 + y*h**3 - 7*h**2 + 3 + 3*h. What is n(u)?
-1
Let a be (2 - 5)/(1 + 0). Let t be (4/(-6))/(a/(-9)). Let b(m) = m**3 - 3*m - 1. Determine b(t).
-3
Let y(q) = -3*q + 3. Let h(x) = 5*x + 2. Let f(o) = -h(o) - 2*y(o). Calculate f(3).
-5
Let k(q) = -3*q**3 + q + 1. Let j be 3 + (-176)/40 + 6/15. What is k(j)?
3
Let t(c) be the second derivative of c**3 - 8*c**2 + 38*c - 2. Determine t(3).
2
Let g(l) = 1 - 63*l**2 + 319*l - 155*l - 163*l - 4*l**2 - l**2. Calculate g(-1).
-68
Let w(x) be the first derivative of -x**4/8 - x**3/6 + 10*x**2 - 7. Let r(k) be the second derivative of w(k). Calculate r(1).
-4
Let j be 9/3*(6 - -2 - 6). Let v(t) = -t**3 + 4*t**2 + 4*t + 7. Calculate v(j).
-41
Let n(k) be the first derivative of -k**4/4 - 10*k**3/3 - 4*k**2 + 12*k - 108. Calculate n(-9).
3
Let o(p) = -55*p**2 - 50*p**2 + 4*p + 104*p**2. Calculate o(4).
0
Let l(h) = -5*h**3 - 6*h**2 - 8*h - 4. Let o(b) = -13*b**3 - 12*b**2 - 16*b - 7. Let k(f) = 5*l(f) - 2*o(f). Determine k(7).
-13
Let b(u) = 8*u**3 + 3*u**2 + 2*u - 4. Let t(h) = -17*h**3 - 7*h**2 - 4*h + 9. Let j(p) = -13*b(p) - 6*t(p). Calculate j(2).
-10
Let z(p) = 3*p**3 - 9*p**2 + 5*p - 4. Let c(x) = -5*x**3 + 16*x**2 - 10*x + 8. Let r(m) = -4*c(m) - 7*z(m). Determine r(3).
-25
Let g(x) = 109*x**2 + 10 - 4 + 9*x + x**3 - 101*x**2. Determine g(-8).
-66
Let v(l) = l**3 + 9*l**2 + 2*l + 6. Let y be 0/8 - 7 - 2. Determine v(y).
-12
Let k be (-528)/(-90) + (-2)/(-15). Suppose 4*m - k = -b, 2*m = 3*b - 0*m - 4. Let w(c) = 1 + 3*c - 13*c**b + 12*c**2 - 11*c. Give w(-6).
13
Let h(l) = -6*l - 1. Suppose -2*w - w - 35 = 5*p, -w = 5*p + 45. Let u be (-16)/40*p/2. Suppose -4*s + 2*y = s + 13, -u*s = -y + 6. What is h(s)?
5
Let q(k) = k**2 - 4*k - 6. Let f = 537 - 531. Determine q(f).
6
Let c(d) = -2*d + 10. Suppose 24 = 8*j - 5*j. What is c(j)?
-6
Let f(y) = -8*y - 30. Let x(h) = 17*h + 53. Let p(q) = -11*f(q) - 5*x(q). What is p(-22)?
-1
Suppose -10*o - 11 = -1. Let z(x) = 34*x - 1. Determine z(o).
-35
Let x(v) = 29*v**2 - 5*v - 173. Let z(i) = -7*i**2 + i + 43. Let y(q) = -2*x(q) - 9*z(q). Let s(j) be the first derivative of y(j). Calculate s(-1).
-9
Let l(c) = 0*c + 7*c**2 - 5*c - 6*c**2 - 1 + 2*c. Let q(s) = s**2 - 10*s + 3. Let j be q(10). Calculate l(j).
-1
Suppose -3*g = -2*g. Suppose -4*n - s + 9 = 0, 2*n = 4*s + 22 - 4. Let p(t) = -4*t**2 + t + 10 - n*t**2 + 8*t**2. What is p(g)?
10
Let v = 5 + -7. Let o be -1 + -2 - 6/v. Suppose o = -0*x - 4*x. Let t(u) = u**3 + u + 8. Determine t(x).
8
Suppose -4*n + 159 - 23 = 0. Let b be 3/((-9)/16)*-6. Let y = b - n. Let g(d) = -d**3 - d**2 - d + 1. What is g(y)?
7
Let i(o) = 2*o**2 + 2 + o - 22 + o**3 - 3*o**2. Suppose 0 = -25*c - 10*c - 5 + 5. What is i(c)?
-20
Suppose 7*g = 2*g + 30. Let m(b) = -4 + 0 + g - 2*b - 1. What is m(-4)?
9
Let x(u) = -u**3 - 4*u**2 - 3*u - 4. Let v be -2 - (-14)/(28/(-4)). Determine x(v).
8
Let o(w) = w**3 + 4*w**2 + 2*w + 4. Let x(q) = -2*q**3 - 9*q**2 - 5*q - 9. Let r(k) = -7*o(k) - 3*x(k). Let u = 22 + -14. Suppose -4*c = -u*c. Determine r(c).
-1
Let t(b) = 5. Let h(u) = 6*u - 6. Let s(w) = -h(w) - t(w). Determine s(-2).
13
Suppose 2*s - 7 - 11 = -4*b, 5*b + 2*s = 21. Suppose -28 = -7*v + b*v. Suppose 0 = -0*h - v*h + 56. Let i(j) = j**3 - 7*j**2 - 9*j + 10. Calculate i(h).
2
Let t(r) = r**2 - r + 11. Let w(g) = -2*g**2 + 2*g - 22. Let c(b) = 5*t(b) + 2*w(b). Let k be ((-5)/(-10) - 1)*-2. Let v be 1 - (7 - (7 - k)). Give c(v).
11
Suppose l = -13 + 21. Let c(i) = -3 + 3*i - l*i + 4*i. What is c(-3)?
0
Let w = 7126 + -7121. Let b(l) = -3*l**3 + 6*l**2 - 6. Let k(j) = -4*j**3 + 7*j**2 - j - 6. Let q(g) = -3*b(g) + 2*k(g). What is q(w)?
21
Let i(t) = 2 - 3 + 17*t**2 - t**2. Suppose -13 - 1 + 31 = 17*o. Calculate i(o).
15
Let f(h) be the third derivative of -9*h**2 + 1/24*h**4 + 0 - 4/3*h**3 + 0*h - 1/60*h**5. Calculate f(0).
-8
Let u = -177 - -175. Let l(p) be the first derivative of -p**4/4 - p**3 - p**2 - p - 2. Give l(u).
-1
Let x(c) = 17*c**3 - 3*c**2 - 4*c - 21. Let q(d) = -12*d**3 + 2*d**2 + 3*d